is the highest common divisor of 124 and b?
62
Let w be (-3)/(-6) - 2/4. Suppose h + 5*m - 27 = w, 18 + 41 = 3*h + 4*m. Let l = -175 + 226. What is the greatest common divisor of l and h?
17
Suppose -3*t - 53 = -59. Suppose -4380 = -5*x - 0*x + 2*j, -2*x + t*j = -1758. What is the highest common factor of x and 46?
46
Let w be (-4)/(-12) + (-569)/(-3) - -2. Let p = -129 + w. Suppose -p = -4*j + 9. Calculate the greatest common factor of 9 and j.
9
Let n = 1122 + -1098. What is the greatest common divisor of 1284 and n?
12
Let d(j) be the third derivative of -5*j**4/6 + 31*j**3/6 - 31*j**2. Let l be d(1). What is the highest common factor of l and 517?
11
Suppose -5*h - 9*h + 70 = 0. Suppose -4*l = -4*n - 344, 0 = n + h. What is the greatest common factor of 9 and l?
9
Let g(o) = 2*o**2 + 20*o - 29. Let j = 20 - 11. Suppose j*w - 12*w = 36. Let c be g(w). Calculate the highest common divisor of c and 19.
19
Let p be (6/(-3))/((-25883)/2156 + 10 + 2). What is the greatest common factor of 3871 and p?
49
Suppose 3*k - 403 = -433. Let q be ((-8)/k)/(6/345). Calculate the greatest common factor of 874 and q.
46
Suppose 3*q - 697 = j, -25*q + 29*q - 936 = 3*j. Let u = -189 + q. What is the greatest common factor of u and 231?
21
Suppose -27*z - 5*z = 11*z - 34056. What is the greatest common divisor of 55 and z?
11
Let z be -16*(-469)/14*1/2. What is the highest common factor of z and 8?
4
Let j be -12*((-44)/12 - 3). Suppose -l + 8 - 5 = 0. Suppose 0*q + 3*p + 63 = l*q, q + 3*p - 1 = 0. What is the highest common factor of q and j?
16
Let d(w) = -9 - 38 - 31 + 2 + 14*w. Let y be d(9). Calculate the greatest common divisor of y and 200.
50
Suppose 0 = -282*b + 11384 + 13996. What is the greatest common divisor of 414 and b?
18
Let o = -158 + 659. Suppose o + 659 = 8*k. What is the greatest common factor of 29 and k?
29
Let f be (81 + -3)/(11/(-77)). Let x = f - -694. Calculate the greatest common divisor of 259 and x.
37
Let c be (9/(-36))/((-1)/4). Let n be (6 - c)*512/10. Let m = -211 + 243. What is the highest common factor of m and n?
32
Suppose -3*w + 5*o = -498, -155*w = -157*w - 5*o + 282. Calculate the highest common divisor of w and 884.
52
Let v(a) = -2 + a - 4*a - 2. Let w be v(-6). Suppose 61*p - 38*p = 46. What is the highest common divisor of w and p?
2
Let u = 923 + -657. Let t = 301 - u. What is the greatest common divisor of t and 28?
7
Suppose 3*y - 133 = -2*m + 870, 0 = 5*m - 5*y - 2445. Let a = 505 - m. Calculate the greatest common factor of a and 99.
11
Let g(w) be the second derivative of -17*w**5/20 - w**4/12 - 2*w**3/3 - w**2 + 6*w + 5. Let t be g(-1). What is the greatest common factor of 72 and t?
18
Let t = 0 + 3. Suppose 85 = 5*d - 4*p - 505, 0 = 3*d - t*p - 354. Let r = d + 43. Calculate the highest common factor of 23 and r.
23
Suppose 2419 = 9*k - 7841. What is the highest common divisor of 420 and k?
60
Let c(y) = -11*y - 4*y + 32 + 30 - 2. Let z be c(-9). What is the highest common factor of z and 15?
15
Suppose -2*m - 4*k = -7*k - 240, -3*m = k - 382. Calculate the highest common divisor of m and 13482.
126
Suppose -273*d = 157943 - 491678 - 177321. Calculate the greatest common factor of d and 90.
18
Let m = -13 + 31. Suppose -5*j - 8*j = -390. Let x be j/(-5)*15/(-2). What is the greatest common divisor of x and m?
9
Suppose -5*n = 3*t, 4*t - 3 - 11 = -2*n. Suppose -4*i + 2*p = -3690, 2*i + i + t*p = 2735. Let g be 18/4*i/69. What is the greatest common factor of 12 and g?
12
Let w = 6099 + -5629. Calculate the highest common factor of w and 3196.
94
Let i be 4 - 0 - (-2 + 32)*-6. Let j = i + -182. Calculate the highest common divisor of 6 and j.
2
Suppose 69 = 3*j - 5*n - 393, 0 = -5*j + 4*n + 770. Suppose -36*p + j = -29*p. Calculate the greatest common divisor of p and 418.
22
Let t = -458 + 460. Suppose 0 = -4*c - t*f + 1150, -2*f = c + 66 - 358. Calculate the greatest common divisor of 22 and c.
22
Suppose 0*h = 4*h + 3*p - 17, 0 = -4*h - 5*p + 23. Suppose -5*t + 208 = -h. Let c = 245 - 182. What is the highest common divisor of c and t?
21
Let x be (-16254)/(-35) - (-26)/(-65). What is the greatest common factor of x and 72?
8
Let i be 616/(-3)*(1224/(-32))/17. Let c = 19 + 2. What is the highest common factor of c and i?
21
Let m = 297 + -294. Suppose 6*v = 5*v - 3, -m*u + 27 = -3*v. Calculate the highest common divisor of 246 and u.
6
Suppose 2*w + 3 + 1 = 0. Suppose -2*c + 67 = 5*r - 0*r, -2*r - c + 27 = 0. Let m be r/2 + (-1)/w. Calculate the highest common divisor of m and 21.
7
Let h(p) = 98*p. Let f be h(5). Suppose -138*j + 25449 - 24069 = 0. What is the highest common divisor of f and j?
10
Suppose 5*u - o - 394 = 556, -4*u = 3*o - 760. Suppose 2*i - 13 = -x + 31, 4*x - 3*i - 154 = 0. Calculate the greatest common factor of u and x.
10
Let u(m) = -m**3 + 9*m**2 + 54*m + 28. Let y be u(13). Calculate the highest common divisor of y and 2295.
27
Let a = 10488 + -5748. Calculate the greatest common factor of 237 and a.
237
Let a be (1 - -2)*((-40)/15 + 4). Suppose f = -5*s + 85 + 325, -a*s + 328 = f. What is the highest common divisor of 205 and s?
41
Suppose -206 = 4*f - 222, 3*f = c - 5058. What is the highest common factor of 10 and c?
10
Let v be ((-938)/63*6)/((-7)/126). Calculate the greatest common factor of 128 and v.
8
Suppose 5*i = -3 - 7. Let q be (-1 - (i - (-2 + 0))) + 7. Suppose -d - q*d = -315. Calculate the highest common divisor of 18 and d.
9
Let j = 23538 - 23474. What is the highest common factor of j and 48?
16
Let n(y) be the third derivative of -y**5/60 + y**4/3 - 2*y**3/3 - y**2 - 4*y. Let x be n(7). What is the greatest common factor of 57 and x?
3
Let n be -230 + 219 - (0 - 713). Calculate the greatest common factor of n and 143.
13
Let k(c) = -2*c**2 + 17*c - 6. Let g be k(6). Suppose -g = o - 90. What is the greatest common divisor of 198 and o?
66
Let m = 162 + 674. Calculate the highest common factor of 76 and m.
76
Let v be ((-74)/10 + (-25)/(-5))*-135. Let q = v - 274. What is the greatest common divisor of q and 150?
50
Suppose 7*p - 54347 = -46*p + 76669. What is the greatest common factor of 96 and p?
24
Let t(w) = -w**3 + 104 + 33*w**2 + 73*w - 117 - 60. Let p be t(35). What is the greatest common divisor of 16 and p?
16
Let w be (-2556)/84 + 8/(-14). Let o(z) = -2*z**2 - 66*z - 49. Let a be o(w). Suppose 3*p + p = 60. Calculate the greatest common factor of p and a.
15
Suppose -8*d - 2*d + 25*d = 5010. Calculate the greatest common divisor of d and 8.
2
Suppose 760 + 944 = 3*a + 3*w, a - 564 = 3*w. What is the greatest common divisor of a and 21?
21
Let i be 19 - (16/(-24))/((-4)/18). Suppose 4*n - 271 = 177. What is the greatest common factor of n and i?
16
Suppose 146*t - 46723 = 46279. What is the greatest common divisor of t and 343?
49
Let t(k) = 59 - 14 - 149 + 11*k - 147 + 17. Let j be t(22). What is the greatest common divisor of j and 88?
8
Let m = 43403 - 26267. What is the greatest common divisor of 126 and m?
126
Let s be (-122 - -8)*2/4. Let d = 62 + s. Suppose 230 = d*y - 0*y. Calculate the highest common factor of 322 and y.
46
Let a = -16954 + 17923. What is the highest common factor of 741 and a?
57
Let l(z) = -24*z + 793. Let m be l(32). Calculate the highest common divisor of m and 14075.
25
Suppose -5*h + 2 - 4 = -3*k, 2*h = 4. Let p be k/16 - 15/(-4). Suppose -22 = -p*a + 26. What is the highest common factor of a and 156?
12
Let g(s) = -145*s - 12861. Let p be g(-89). Suppose 5*x - 531 = 349. What is the greatest common factor of p and x?
44
Let q = -2239 - -2387. What is the greatest common factor of q and 2738?
74
Let r(v) = v**2 - 2*v + 13. Let w be r(0). Let h(n) = n**3 - 15*n**2 + 26*n + 25. Let f be h(w). What is the greatest common factor of 225 and f?
25
Let r(k) = -6*k + 14. Let f be r(-8). Suppose -6*m + f = -88. Calculate the highest common divisor of m and 60.
5
Let t(a) = 4*a**2 + 38*a + 14. Let b be t(-13). Let f be (-1)/((-987)/b - -5). What is the greatest common divisor of 12 and f?
4
Let y(m) = -240*m + 62. Let x be y(1). Suppose 0 = -4*g + d - 495, 381 = -2*g - g + 4*d. Let r = g - x. What is the highest common factor of r and 22?
11
Let u(t) = 10*t**3 - 15*t**2 + 13*t - 60. Let o be u(7). Suppose 976 - o = -14*q. Calcu